o**3 - 147*o**2 + 577*o - 559. Let r be h(143). Let n(m) = m**2 - 6*m + 5. Let p be n(7). Calculate the greatest common divisor of r and p.
12
Let d = -147 + 227. Suppose 4*k + 2*j - d = -2*j, 88 = 5*k - j. What is the highest common divisor of k and 2?
2
Let w be (-19 + 35)*((-22)/(-4) + 1). What is the highest common divisor of w and 4628?
52
Let d be (5/(-4))/(18*(-33)/601128). Calculate the highest common factor of 115 and d.
115
Let n = 82636 - 56078. What is the highest common divisor of 7 and n?
7
Let z(w) = 42*w**2 + w - 2. Let t be z(2). Let a be (5600/2400)/(2/84). What is the greatest common factor of a and t?
14
Let q be (-1858)/(-4) - 2/4. Let a be 9/12 - (-1958)/(-8). Let j = q + a. What is the highest common divisor of j and 20?
20
Suppose 22*h = 46*h - 48. Suppose -h*d + 30*d = 1848. Let g be 24/9*(-9)/(-4). Calculate the highest common divisor of d and g.
6
Suppose 0 = 13*h - 8*h - 60. Let m(g) = 9*g + 177. Let d be m(h). What is the highest common factor of d and 15?
15
Let y(s) = -s**2 - 22*s - 9. Let h be y(-21). Suppose -2*j - j = h. Let z be (1 - 2/(-4))/((-2)/j). Calculate the highest common factor of 21 and z.
3
Suppose -72*q + 1298 + 12286 = 3216. What is the highest common factor of 6096 and q?
48
Suppose 3*t = 4*l - 35, 3*t - 9 = -5*l + 1. Let n be 4/(12/(-6)) + -16. Let d be 117 + (n/(-3))/(-3) + l. What is the greatest common divisor of 15 and d?
15
Let x be ((-60)/(-40) - 5)/(0 + 1/(-18)). Calculate the greatest common divisor of x and 1818.
9
Suppose 20 = 2*q - 0*q. Suppose 11*r - 14*r = -17 - 13. Calculate the highest common factor of q and r.
10
Suppose 4*h + h - 20 = 0. Let m be (-45936)/(-39) + 5*12/390. Suppose i = 1181 - m. What is the highest common divisor of i and h?
1
Let w be ((-2)/(-8))/(-18*9/(-25920)). Suppose 5*h - 189 = 2*h. Suppose -4*m = 23 - h. What is the highest common factor of w and m?
10
Let i = 1788 - 978. Suppose 9*j - i = -j. Suppose 3*f = 5*t + 29, -2*f = t - 6*t - 11. Calculate the highest common factor of f and j.
9
Let g be 2730/(-1092)*(-2)/(-5)*-116. What is the highest common divisor of 13108 and g?
116
Let r(t) = t**2 + 15*t + 43. Let b be r(-7). Let c be 2/b - (-12354)/26. Calculate the greatest common factor of c and 25.
25
Suppose -3*y + 56 = 4*t, 3*y + 45 = 8*y - 3*t. Let o = 15 - y. What is the highest common divisor of o and 3?
3
Let h(t) = -18*t + 277. Let g be h(8). What is the greatest common factor of g and 16?
1
Let u = -18 + 28. Suppose u = -2*j + 20. Suppose 0 = j*b + 3*q - 30, -2*b + 3*q = -4*b + 12. Calculate the greatest common factor of 42 and b.
6
Let c = -21 + 21. Suppose -5*z + y = -0*y - 596, -z + y + 116 = c. Suppose 0*o + 96 = 2*o. Calculate the highest common factor of o and z.
24
Let y = -113 + 117. Let x be 9/y*8/3. Calculate the greatest common factor of 3 and x.
3
Suppose 5*i = -502 - 28. Let w = -36 + -14. Let k = w - i. Calculate the greatest common factor of k and 140.
28
Let l(y) be the first derivative of 19*y**3 + y**2/2 - y + 43. Let n be l(1). Calculate the greatest common factor of 76 and n.
19
Suppose -p + 388 = 355. Let h = 7 - -32. Let r = h - p. What is the highest common factor of 3 and r?
3
Let m(o) = o**2 - 18*o + 20. Let j be m(16). Let v be 8/3*(-198)/j. Calculate the greatest common divisor of v and 4.
4
Suppose c = -3*z + 4296, -11*z - 21*c + 18*c + 15756 = 0. What is the greatest common divisor of z and 24?
6
Let c(v) = 2*v + 1. Let z be c(-1). Let m(y) = -191*y**2 - 238*y**3 - 2 + 384*y**2 - 191*y**2. Let l be m(z). What is the highest common divisor of 34 and l?
34
Suppose 2510*c - 2492*c - 1512 = 0. Suppose z - 56 = -0*z. What is the greatest common divisor of c and z?
28
Let i = -6779 - -6907. What is the highest common divisor of 12 and i?
4
Suppose 24 = 3*a + 21. Let s be a + (1818/24 - (-3)/(-4)). Calculate the highest common factor of s and 114.
38
Let v(g) = g**2 + 2*g + 3. Let x be v(-6). Let m be 321 + 8/(16/6). Suppose -17*c + 23*c - m = 0. What is the greatest common factor of x and c?
27
Suppose 104 = 4*i - 40. Suppose -240 = -428*f + 427*f + 3*h, h = -3*f + 760. What is the greatest common factor of f and i?
36
Suppose 43*i - 42*i = -24. Let m be 9/2*((-280)/i - 1). Calculate the greatest common divisor of 60 and m.
12
Let h be -373*3*(2981/(-363) - (-30)/55). What is the highest common factor of 69 and h?
23
Let g = -13973 - -21479. What is the highest common factor of g and 54?
54
Let h(b) = -11*b + 21. Let o be h(2). Let j be 1*-6*o/(-2) + 139. Suppose -93 = -5*y + q - 3*q, 5*q = -y + 37. What is the highest common factor of j and y?
17
Let k = 300 - 60. Let d(j) = 201*j - 105. Let a be d(1). Calculate the highest common divisor of k and a.
48
Let a(x) = 82*x - 1134. Let z be a(32). What is the highest common divisor of z and 20?
10
Let c(q) = -41*q - 38*q + 56*q + 30. Let u be c(-3). Calculate the greatest common divisor of 9 and u.
9
Let o = 32248 + -31080. Calculate the greatest common divisor of 3358 and o.
146
Let d = -160 + 241. What is the greatest common divisor of d and 171?
9
Let n(t) = t**3 - 9*t**2 + t - 30. Let m = 200 + -190. Let d be n(m). Calculate the highest common factor of d and 64.
16
Suppose 5*j = 3*r + 612, -20 = 3*r + 2*r. Calculate the greatest common factor of 285 and j.
15
Let c be (-1 - -4)/((3 + -1)/((-1818)/(-27))). Calculate the highest common divisor of 7373 and c.
101
Let g = -4727 - -8175. Calculate the greatest common factor of g and 8.
8
Suppose 36*d = 34*d + 88. Let v be 328/10 - 5/(-25). Calculate the greatest common factor of d and v.
11
Let r be (-4)/36 + 49546/9 + 8. What is the greatest common divisor of r and 298?
149
Suppose 5*x - o - 27 = 525, 2*o = 4*x - 444. What is the highest common factor of x and 80?
10
Let h = -1748 - -1800. Calculate the highest common divisor of 3068 and h.
52
Let l(f) = 2*f + 23. Let r(s) = 3*s + 35. Let t(a) = 8*l(a) - 5*r(a). Let c be t(-6). What is the highest common divisor of c and 7?
1
Let i be (8/14)/(-4) + 44/14. Let w be (34/i)/(2/(-6)). Let s = -9 - w. What is the highest common divisor of s and 200?
25
Suppose 2*o = -6*b - 3*o + 8551, -3*o = -2*b + 2827. Calculate the greatest common factor of b and 441.
49
Let a(n) = n**3 - 24*n**2 + 48*n + 60. Let f be a(22). Calculate the greatest common factor of 814 and f.
74
Suppose 0 = 2*g - 1 - 43. Suppose 13*w + 90 = 18*w. Suppose 276 = g*s - w*s. Calculate the highest common divisor of s and 23.
23
Let n(q) = q**2 - 9*q + 11. Let c be n(8). Let j be (-684)/(-152)*(41/3 - 1). Calculate the greatest common factor of c and j.
3
Let k be 1 - 9/((-9)/20). Let j(w) = -4*w + 52. Let n be j(0). Suppose -11*o + n = -25. Calculate the greatest common factor of o and k.
7
Suppose -182 - 718 = -5*x. What is the highest common divisor of x and 2070?
90
Let i be 3159/18 + (-2)/4. Let k = -15 + 36. Calculate the highest common factor of k and i.
7
Suppose 123 = 4*z - z. Suppose -j = -3 - z. Suppose 2*t - j = -0*t. Calculate the greatest common factor of 242 and t.
22
Let n(b) = b**3 + 13*b**2 - 9*b + 2. Let m be n(-12). Let p = 302 - m. Calculate the highest common factor of 156 and p.
12
Let k be (1/4 - (-33)/4)*(-2142 - -2144). Calculate the highest common divisor of k and 10523.
17
Let x be 2770/9 - 58/(-261). Suppose -x = -10*b + 8*b. Suppose 4*z = 6*z - b. What is the highest common divisor of z and 7?
7
Suppose -f - 4 = 3*t, 5*t + 4 + 1 = -2*f. Suppose -2*m - 456 = -f*m. Let y be ((-304)/6)/(-8)*3. Calculate the greatest common factor of m and y.
19
Let h(s) = -4*s**2 + 27 - 29*s + s**2 + 0*s + s**2. Let j be h(-15). Calculate the highest common divisor of j and 66.
6
Suppose 3*t + 116 = 614. Let c = -117 + t. Let h be (((-124)/8)/(-31) - -10)*(-36)/(-54). What is the highest common factor of h and c?
7
Suppose 18 - 6 = 12*s. Let j be s + (-1 + 0)/(2/(-4)). Suppose j*i + 2*v - 29 = 0, -3*v + 6 = 3. What is the greatest common divisor of 81 and i?
9
Let a(o) = -o**3 - 20*o**2 + 17*o - 8. Let l be a(-21). Let k = 164 - l. What is the greatest common factor of k and 8?
8
Let u = 3757 - 3733. Calculate the greatest common factor of u and 27.
3
Suppose -42*k + 4064 = -388. Calculate the greatest common divisor of 9434 and k.
106
Let b(x) = x**3 - 9*x**2 + x - 10. Let d be b(9). Suppose 0 = j - 0 -